me factors of f(21).
3, 223
Suppose -5*u - 18 = -3*m + 30, 20 = -u - 2*m. What are the prime factors of 4/u*-53 + 6/18?
2, 3
Let g = -41 - -101. Let r = 191 + -94. Let o = r - g. What are the prime factors of o?
37
Let r be 6 - 2 - (4 + 0 + -2). Suppose -519 = -3*b - 3*o, -r*o = -b + 2*b - 177. What are the prime factors of b?
13
Let f(k) = -17*k**3 - k**2 - 2*k - 2. Let a be f(-1). Let z = a - -17. List the prime factors of z.
3, 11
Suppose 5*t = 5*c - 3890, c - 772 = -0*c - 5*t. List the prime factors of c.
3, 7, 37
Let r(c) = -7*c**3 + 2*c - 2. Let s be r(2). Let m = s + 158. Suppose -m = -5*w + w. What are the prime factors of w?
2, 13
Let y(g) be the second derivative of -11*g**3/6 - 17*g**2/2 - 15*g. What are the prime factors of y(-12)?
5, 23
Suppose -6070 - 6566 = -9*c. What are the prime factors of c?
2, 3, 13
Let r be -29 - (1 - 3)*-2. Let j = r - -68. Suppose 0*f + 5*f = j. What are the prime factors of f?
7
Let t = 4 - 2. Let c be (t - 5/3)*12. Suppose 0 = c*u - 4 - 44. What are the prime factors of u?
2, 3
Let d = -1274 - -1814. What are the prime factors of d?
2, 3, 5
Let j(x) = x**3 + x + 4. Let w be j(0). Suppose 5*a - w*a = 4*m - 20, -5*m + 25 = 0. Suppose 4*q - 55 - 5 = a. List the prime factors of q.
3, 5
Suppose -12 = -5*i - 4*r, 0 = -17*i + 21*i - r - 18. Let o be (138/10)/(4/40). Suppose 2*f - f = 5*y + 55, 0 = -2*f - i*y + o. What are the prime factors of f?
5, 13
Let o = 1073 + -487. List the prime factors of o.
2, 293
Let h(u) = u**3 - 17*u**2 - 19*u + 22. Let a be h(18). Suppose 0 = -5*c + a*c + 4. Suppose -c*s - 6 = -98. What are the prime factors of s?
23
Let t(o) = -5*o**2 + o + 4 - 3*o + 6*o**2 - 5. Let k be t(-4). Suppose -105 - k = -4*j. What are the prime factors of j?
2
Suppose 1 + 24 = 5*v. Suppose -z + 5*r = z - 12, 0 = -v*z + 3*r + 49. Let t(n) = 3*n - 14. What are the prime factors of t(z)?
19
Suppose 55*p = 54*p + 556. What are the prime factors of p?
2, 139
Let d = 3439 - 1917. List the prime factors of d.
2, 761
Let t be ((-42)/9 + 4)/((-4)/18). Let s(c) be the second derivative of c**4/12 + c**2/2 - 2*c. What are the prime factors of s(t)?
2, 5
Let i(b) = b - 18 + 9 + 6. Let z be i(7). Suppose 2*a - 3*r = -6 + 48, 0 = -a + z*r + 26. What are the prime factors of a?
2, 3
Suppose 76*d - 74*d - 710 = 0. Let m = d + -253. What are the prime factors of m?
2, 3, 17
Let o(t) = -1195*t + 6. Let a be o(2). What are the prime factors of (-2)/9 - a/36?
2, 3, 11
Suppose 0 = 2*n - 5*u - 334, 5*n - u = -0*n + 812. What are the prime factors of n?
2, 3
Let y(l) = 2*l**3 + 7*l**2 - 14*l + 9. Let q(d) = d**3 + d**2 - 1. Let i(x) = -q(x) + y(x). What are the prime factors of i(-7)?
59
Suppose 3*z + 15 = -0*z. Let q(c) = c**2 + 6*c + 10. Let l be q(z). Suppose 3*h - 4*h = -5, 2*k - 35 = -l*h. List the prime factors of k.
5
Suppose -18*q = -19*q + 66. List the prime factors of q.
2, 3, 11
Suppose g = -5 - 0, 5*g - 254 = -3*y. Let q = 7 + y. List the prime factors of q.
2, 5
Suppose 18*m - 22*m = -4*i + 22104, 5*i + 2*m = 27658. What are the prime factors of i?
2, 5, 7, 79
Let u = -2723 - -4882. What are the prime factors of u?
17, 127
Suppose -3*r = 5*p - 2875 - 6228, -4*p + 6070 = 2*r. List the prime factors of r.
7, 433
Let r = 34 - 50. Let l be (-106)/(-3) - r/24. Let f = 56 - l. List the prime factors of f.
2, 5
Let u = -1265 + 4393. List the prime factors of u.
2, 17, 23
Let b(m) = -m**2 - 4*m - 2. Let z(a) = -a**2 - 4*a - 3. Let p(d) = 2*b(d) - 3*z(d). List the prime factors of p(6).
5, 13
What are the prime factors of (-19422)/(-7) - 160/280?
2, 19, 73
Suppose 3*l = 5*l + 4*c - 568, 0 = -4*l + c + 1172. What are the prime factors of l?
2, 73
Suppose 2*a - 4 = 5*i - 0*a, -3*a + 6 = 2*i. Suppose i = 4*x - 43 - 73. List the prime factors of x.
29
Suppose -5*u = 15, -557 = -3*f + 4*u + 304. Suppose 363 = -2*z - m, -2*z + m = 82 + f. What are the prime factors of z/(-70) + 2/5?
3
Suppose -5*c = -3*j - 1, j + 3*c - 4*c - 1 = 0. Let f be 1 - 5 - (j + -6). What are the prime factors of (110/(-40))/(f/8)?
2, 11
Let p = -105 - -75. What are the prime factors of ((-49)/(-5))/((-6)/p)?
7
Let b(c) = c**3 + 12*c**2 - 16*c + 3. Let m be b(-13). Let g = m - 110. Let t = 122 + g. What are the prime factors of t?
2, 3
Suppose g - c + 194 = -18, 25 = 5*c. Let i = g + 346. List the prime factors of i.
139
Let p = 37 + -46. List the prime factors of p/(-6) - (-801)/6.
3, 5
Suppose -5*k = -2*i + 168, 0 = -2*i - 5*k + 100 + 28. Suppose 2*n = i + 28. What are the prime factors of n?
3, 17
Let c(x) = -x**3 + 13*x**2 - 12*x + 4. Let o be c(12). Suppose -k - 2*f + 162 = f, -o*f + 8 = 0. What are the prime factors of k?
2, 3, 13
Let p(r) = r**2 + r**2 - 5*r + 13*r**2 + 2*r**2 + 17. What are the prime factors of p(4)?
269
Let g = -391 + 916. List the prime factors of g.
3, 5, 7
Let n = -224 - -336. What are the prime factors of n?
2, 7
What are the prime factors of 1282/3*(-1377)/(-306)?
3, 641
Suppose 23 + 17 = -10*s. What are the prime factors of -42*(s/(-34) - (-120)/(-153))?
2, 7
Let r(o) = 17*o**2 - 27*o + 68. What are the prime factors of r(8)?
2, 5, 47
Suppose 4*s = -2*i + 19278, -31*i + 27*i = 3*s - 14471. List the prime factors of s.
4817
Let i = 403 - -465. What are the prime factors of i?
2, 7, 31
Let q be 1/(-3)*(-10 + 1). Suppose -z = -2*y - y + 211, -201 = -q*y + 3*z. Suppose 4*u + 5*i = y, 4*u - 2*u - 5*i = 66. What are the prime factors of u?
23
Let r(o) = 2*o**2 - 57*o - 345. What are the prime factors of r(45)?
2, 3, 5, 19
Suppose 0*y - 18 = -3*y. Suppose -9 - y = -3*a. Suppose 130 - 50 = a*o. What are the prime factors of o?
2
Let s(v) = 2*v**3 + 8*v**2 + 1. Let b be s(-6). Let f = b + 65. Let u = f - -149. List the prime factors of u.
71
Let m(o) = o**2 - 5*o - 5. Let r be m(-7). Let k = 9 + r. List the prime factors of k.
2, 11
Suppose -10*v + 96 = -4*v. Suppose -2*d + 2*m + 2*m + v = 0, -4*d + 5*m + 41 = 0. Suppose t = 36 - d. List the prime factors of t.
2, 11
Let v(g) = 2*g + 18. Let o be v(-9). Suppose o = f - 6*f + 2*h + 615, -5*f = 4*h - 645. List the prime factors of f.
5
Let f(y) = 14*y**2 - 22*y - 162. What are the prime factors of f(-5)?
2, 149
Let t = -27 - -39. Suppose 0 = 5*k - t - 3. List the prime factors of -4 - (4 + -28)/k.
2
Let x = -517 - -5522. List the prime factors of x.
5, 7, 11, 13
Suppose 5*w + 3*y - 27 = 0, y = 5*w + 2*y - 19. List the prime factors of (w/(-1) + 58)*1.
5, 11
Let w = -919 - -2376. What are the prime factors of w?
31, 47
List the prime factors of (-1 - -2)*1844/(24/6).
461
Let h be ((-2)/(-1))/(60/(-18) - -4). Suppose 0*u = 4*x + u - 896, h*x = -u + 673. List the prime factors of x.
223
Let q be (-87)/6 - 2/(-4). Let j = 34 + q. Suppose -g = 3*g + j, 2*b + g - 7 = 0. List the prime factors of b.
2, 3
Let v = 14 + -8. Suppose -4*r + 263 = -3*m, 0*m = 4*r - 2*m - 258. Suppose j = -v + r. List the prime factors of j.
2, 7
Suppose -z + 4*z = 4*b - 1, -b = -2*z - 4. Let s(i) = i. Let g(l) = 6*l - 8. Let q(v) = z*s(v) - g(v). What are the prime factors of q(-4)?
2, 11
Let l(w) = 62*w**2 + 3*w + 3. Let f be l(-1). Let t = f - -8. What are the prime factors of t?
2, 5, 7
Suppose 3*h + n - 4835 = 0, -h + 34*n - 29*n + 1585 = 0. What are the prime factors of h?
2, 5, 7, 23
Let k(u) = u**3 - 5*u**2 + 6*u - 5. Let x be k(4). Suppose 0 = -7*g + x*g + 2*v + 688, -3*v = 6. Suppose 0 = -5*s + 44 + g. List the prime factors of s.
43
Let d = -8 + 7. Let u be (-3)/(-3*d/(-2)). Suppose u*r + 0*r = 4*j + 26, 28 = 4*r - 2*j. What are the prime factors of r?
5
Let j = 32 + -28. Suppose 8*s - 740 = j*s. Suppose 4*l = 2*l - r + 71, -4*r + s = 5*l. List the prime factors of l.
3, 11
Let d = -2205 + 3161. List the prime factors of d.
2, 239
Let j = 90 - -305. What are the prime factors of j?
5, 79
Let j(i) = 8*i**2 - 6*i - 3*i + 5*i - 4 + 1. Let d be j(-2). Suppose s = -5*v + 191, 4*v = 3*v + s + d. What are the prime factors of v?
2, 19
Let z be ((-1)/3 - -2)/((-10)/(-12)). List the prime factors of (z/(-6))/(4/(-1176)).
2, 7
Suppose 0 = -40*k + 32*k + 3512. What are the prime factors of k?
439
Let z(u) = u**3 - 9*u**2 - 7*u - 13. Let v be z(10). Suppose -15 = 2*j + v. List the prime factors of 95/2 + (-8)/j.
2, 3
Let b = -159 - -297. List the prime factors of b.
2, 3, 23
List the prime factors of (-3 -